test common factor of 27 and v?
9
Let f = -1 + -2. Let w be (-4)/f + 5/(-15). Calculate the greatest common factor of w and 8.
1
Suppose -8*v + v = -2016. Calculate the highest common divisor of 36 and v.
36
Suppose 4 - 18 = -2*z. Suppose -2*i - 4*l - z = -7*l, -5*i = -4*l. Suppose 0 = -2*f + i*f - 18. Calculate the highest common divisor of 27 and f.
9
Let o = 2179 - 1514. Let g = 451 - o. Let d = g - -313. Calculate the greatest common divisor of d and 9.
9
Let h(o) = -2*o - 9. Let z be h(-6). Let b be z*5*(5 + -8). Let f be (b/12)/((-6)/16). Calculate the greatest common factor of f and 70.
10
Let s(v) = 2*v + 14. Let p be s(0). What is the greatest common factor of p and 126?
14
Let p = 46 + -28. Let x be (-3)/((-4)/(-8) - 2). Suppose k - 105 = -3*u, 27 = u + x*k + k. Calculate the greatest common factor of u and p.
18
Let a(x) = x**2 - x + 90. Let b = -18 - -18. Let g be a(b). Calculate the highest common factor of 36 and g.
18
Let m(t) = 3*t - 17. Let r be m(8). Let k = 63 - 14. Calculate the greatest common divisor of k and r.
7
Let k(q) = -q**2 - 10*q + 1. Suppose -2*i + a = 2*a + 19, 5*i = 2*a - 25. Let f be k(i). What is the highest common factor of f and 242?
22
Suppose h + 352 = 5*h. Suppose 44 = 5*i - 101. Let m = -21 + i. Calculate the highest common divisor of h and m.
8
Let o = 11 + -7. Suppose 4*v = 6*v - z + 2, 0 = -v + o*z - 8. Suppose v*j - w - 9 = -3*j, j - 4*w = -8. Calculate the highest common factor of j and 12.
4
Let r be -2*(134 + (0 - 2)). Let p = r - -383. What is the highest common divisor of 17 and p?
17
Let m(z) = 4*z**2 + 12*z + 9. Let d be m(-4). Calculate the highest common factor of d and 25.
25
Suppose -2*i + 18 = -18. Suppose 91 = 5*h - l, -3*l = -2*h - 6 + 45. Let o be (h/4)/((-4)/(-40)). What is the highest common factor of i and o?
9
Suppose -m = -k + 2, 0*m = -2*k - 2*m + 8. Let j(g) = 72*g. Let c be j(1). Suppose 0*v + 3*v = c. Calculate the greatest common factor of v and k.
3
Let k be 124/7 + (-2)/(-7). Let o be 4/(-5)*130/(-52). Calculate the highest common factor of k and o.
2
Suppose -4*y = -0*y - w - 329, -2*y + 152 = 2*w. Suppose -11 = j + 5*n, 3*j - 6 - 41 = 5*n. Calculate the highest common factor of j and y.
9
Let h(i) = -i**3 - 4*i**2 - 4*i - 6. Let g be h(-4). Calculate the greatest common divisor of 110 and g.
10
Suppose -5*d - 4 = -3*d, -2*d = v - 20. What is the highest common factor of v and 216?
24
Let k(w) = -w - 7. Let g be k(-9). Suppose -f = -16 - g. Suppose -3*r + f = -2*a + 4*a, -4*a + 80 = -5*r. What is the highest common divisor of a and 5?
5
Suppose 2*o - 109 = -5*s, 5*s = -o - 3*o + 213. Suppose -o = -5*p + h, p + 5*h = -0*p. What is the highest common factor of p and 70?
10
Suppose -g - 2*g + 30 = 0. Suppose g = 5*p + 2*f, -p + 2*f = -3*f + 25. Suppose p*l - 12 = -l. Calculate the greatest common factor of l and 84.
12
Suppose 0 = -0*b + 2*b - 16. Let m = 45 - -20. Let u = m - b. Calculate the greatest common factor of u and 19.
19
Let t = 18 - 9. Suppose 0 = 5*d + 3*x - 18, 3*x + x - 14 = -5*d. Calculate the highest common divisor of d and t.
3
Suppose -2489 = -5*h + 706. Suppose -3*g + 2*r = -386, -5*g - r = -0*r - h. What is the greatest common divisor of g and 16?
16
Suppose -120 = -k - k. Suppose 0 = -5*c + 5 + 5. Suppose -5*s + 71 = c*g, -2*s + 6*g - 2*g + 38 = 0. What is the highest common divisor of k and s?
15
Suppose 5*q - 3 + 0 = b, -q + 7 = 3*b. Let z = 6 + -8. Let m be q/(z/110*-1). Calculate the greatest common factor of 11 and m.
11
Suppose 9 = 3*p - 3. Suppose -p*t = -0*t - 40. Calculate the greatest common factor of t and 10.
10
Let w(o) = 3 - o**2 - 3 + o + o**3. Let a be w(3). Let j(v) = 109*v**2 + 3*v - 1. Let t be j(-1). What is the greatest common factor of a and t?
21
Suppose 0 = 5*v - 3*k - 17, -7*k = -4*v - 2*k + 11. Let j be 2/8 + (-1)/v. Suppose 4*p - 3*p - 3 = j. Calculate the highest common divisor of p and 24.
3
Let x be -1 - 1*-2*2. Suppose 7 + 3 = -5*i, -i = x*n - 10. Let u = 7 - n. Calculate the highest common divisor of 9 and u.
3
Suppose 0*w - 2*c = 4*w - 74, 4*c - 36 = -w. Calculate the highest common divisor of w and 16.
16
Suppose 0 = -24*t - 441 + 1233. What is the greatest common divisor of 99 and t?
33
Let v(r) = -33*r + 5. Let x be v(-5). Suppose -5*f = 5*o - x, -2*f = 3*f - 10. Let h = o - 10. Calculate the highest common factor of 11 and h.
11
Suppose -4*c - 40 = -4*m - 208, -2*c - m + 93 = 0. Let z be (-22)/(-4) + (-2)/4. Suppose -c = -z*q + 4*q. Calculate the highest common divisor of q and 9.
9
Suppose -f + 2*j + 3*j + 14 = 0, 3*f + j - 26 = 0. Suppose v - f = -0*v. Let o(w) = -37*w - 2. Let z be o(-2). Calculate the highest common divisor of z and v.
9
Suppose c = -0*a - 5*a - 2, 0 = 3*a - 5*c - 10. Let m be (-84 + a)*6/(-9). Calculate the greatest common divisor of 7 and m.
7
Let s = 6 - 6. Suppose s = -3*u + 2*a + 5, -4*u = -5*a + a - 8. Suppose -2*w + u = -19. What is the greatest common factor of 5 and w?
5
Let x(p) = -5*p + 4. Let m be x(-2). Calculate the greatest common divisor of m and 126.
14
Let j be -50*3/(-9) + (-16)/24. Calculate the highest common divisor of j and 112.
16
Suppose -1 + 5 = r. Let g = 10 - r. Calculate the highest common divisor of g and 6.
6
Suppose 3*i - 62 = -g, -i + g + 18 = 4*g. Suppose -2*a + 11 = 5*h, -3*h = a + 4 - 11. What is the greatest common divisor of i and h?
3
Let f(p) = p**2 - 5. Let o be f(4). Let y = 29 + 70. Calculate the highest common factor of o and y.
11
Suppose -4*p + 55 = -1. What is the greatest common factor of 84 and p?
14
Let k(h) = 1. Let x(d) = -d**2 + d - 18. Let o(c) = -4*k(c) - x(c). Let s be o(0). Calculate the greatest common divisor of s and 28.
14
Let n(y) = -y**2 + 4*y + 153. Let i be n(0). Calculate the highest common divisor of i and 9.
9
Suppose -5*b - 6 = -2*t + 4, 5*b = 0. Suppose -q + 82 = t*n, -2*q + 35 = -5*n - 99. What is the greatest common divisor of 9 and q?
9
Let m be 3/5 - 54/(-10). Let r be 12/(-8) - 13/(-2). Let v(w) = w**3 - 4*w**2 + 5*w + 4. Let h be v(r). Calculate the highest common divisor of m and h.
6
Let y(p) = 61*p + 1. Let a be (4/(12/(-9)))/(-1). Let n be y(a). What is the highest common divisor of n and 23?
23
Let g(h) = -7*h - 30. Let q be g(-6). What is the greatest common divisor of 24 and q?
12
Let i = -1 - -79. Let j be ((-30)/(-75) + (-14)/10)*-13. Calculate the highest common factor of j and i.
13
Suppose -a = -5*a + 52. Suppose 3*r - 6 = 189. Calculate the greatest common divisor of r and a.
13
Let y = -39 + 81. What is the greatest common factor of y and 6?
6
Suppose 0 = 2*p + c - 69, -2*p + 143 = 2*p + 3*c. Let u = 9 + -5. Calculate the highest common factor of u and p.
4
Let b(q) = 7*q + 17. Let a(z) = -6*z - 17. Let g(p) = -6*a(p) - 5*b(p). Let u be g(-7). What is the greatest common factor of u and 5?
5
Let q(n) be the first derivative of n**3/3 - 2*n**2 - 5*n - 2. Let d be q(-6). Calculate the highest common factor of 5 and d.
5
Let n(u) = u**3 + 4*u**2 + 3*u + 1. Let d be n(-3). Let s = 3 - d. Suppose 2*r - 20 = 2*c, -2*c = r - 7 + 3. What is the highest common divisor of r and s?
2
Suppose 2*n - 25 + 1 = 0. Calculate the highest common factor of 3 and n.
3
Suppose -40 = -5*k + 2*z, 9*z = -3*k + 4*z + 24. Suppose 8 = -0*c + 4*c. Suppose -2*m - c*m = -96. Calculate the highest common factor of m and k.
8
Let s(u) = 7*u + 1. Let f be s(3). Let g = 14 + -9. Suppose g*a - 526 - 684 = 0. Calculate the greatest common factor of a and f.
22
Let g(d) = d**2 + 10*d + 11. Let o be g(-9). Let k be (2 + 4)*1/o. Calculate the greatest common factor of k and 33.
3
Let t be 86 - (3 + 3) - 0. Suppose 0*f - 3*f + 60 = 0. Calculate the greatest common divisor of t and f.
20
Let l be -2 - (-2)/(-2)*-8. Calculate the greatest common factor of 54 and l.
6
Suppose 0*w = w - 2. Suppose -3*l = w*h - 35, 0 = 3*h + 2*l - 62 + 2. Let j = h + 4. Calculate the greatest common divisor of 65 and j.
13
Suppose 5*z = 2*z + 15, p - z - 4 = 0. Suppose 0 = -16*b + 10 + 38. What is the greatest common factor of b and p?
3
Let x(y) = 3*y - 16. Let s be x(7). Suppose -18 = -4*o + 4*g + 6, -3 = -2*o + s*g. Calculate the highest common divisor of o and 9.
9
Suppose 4*f - n = 24, -4*f - 4*n + 1 = -23. Suppose x = -1 + 26. Suppose 5*q = 65 + x. Calculate 